3075?
-10763072
In base 12, what is 1b2541 + -2b?
1b2512
In base 11, what is -15 + 4489?
4474
In base 9, what is 110 + 1417270?
1417380
In base 14, what is -1 + -16ad52?
-16ad53
In base 4, what is -20231013211102 - -1?
-20231013211101
In base 9, what is -11 - 67670521?
-67670532
In base 4, what is 2111112211112 + -10?
2111112211102
In base 14, what is -1620194 + -2?
-1620196
In base 6, what is 0 - 245410540?
-245410540
In base 13, what is -27 - 22658a3?
-22658ca
In base 5, what is -10 - -101214302022?
101214302012
In base 4, what is -123101221 - 20?
-123101301
In base 12, what is 315419 - 12?
315407
In base 14, what is 7c40 + -1ba7?
6077
In base 10, what is -4629912 - 4?
-4629916
In base 10, what is -21187 - 17?
-21204
In base 3, what is -2110202221022 - -21?
-2110202221001
In base 10, what is -127757 - 45?
-127802
In base 12, what is -b5 + -56696?
-5678b
In base 2, what is -100001 + 100111101011110010?
100111101011010001
In base 10, what is 189045746 + 9?
189045755
In base 11, what is -21016 - 88a?
-218a5
In base 2, what is -10010000011101 + -10001111111000?
-100100000010101
In base 10, what is 6428777 + -1?
6428776
In base 3, what is -10 + 11120221001210?
11120221001200
In base 7, what is -1614 + 61565?
56651
In base 14, what is -2b3dd3 - 10?
-2b4003
In base 4, what is -21211233 + 1200?
-21210033
In base 16, what is b + -4c604a?
-4c603f
In base 9, what is -7 + -1151563?
-1151571
In base 12, what is -75163 + -117?
-7527a
In base 12, what is -4 + 81285a?
812856
In base 8, what is 21 - 12255167?
-12255146
In base 12, what is 5 - -2a7223a?
2a72243
In base 3, what is -12 - -1222210201112?
1222210201100
In base 15, what is -c351 + -27e?
-c5d0
In base 2, what is 1001000000 + 11011111111011101?
11100001000011101
In base 15, what is 10 - -441e90a?
441e91a
In base 12, what is 41950 + -60?
418b0
In base 9, what is -17452802 - -4?
-17452787
In base 9, what is 8 + 177344385?
177344404
In base 4, what is 3 + 10001210121?
10001210130
In base 11, what is -11165559 - -26?
-11165533
In base 15, what is c + -3aa88d?
-3aa881
In base 7, what is -135 - -335353?
335215
In base 12, what is 2891b3 + -3a?
289175
In base 15, what is 1d7 - -24073?
2425a
In base 6, what is -230 + 30051204?
30050534
In base 3, what is 11110020220000 - 102?
11110020212121
In base 6, what is 120 + 235142430?
235142550
In base 6, what is -211 - 205025430?
-205030041
In base 14, what is -1b01442 - 1?
-1b01443
In base 4, what is -3200112 - -21013?
-3113033
In base 2, what is -1111010111 + 1100100?
-1101110011
In base 4, what is 2 - -33110002213?
33110002221
In base 7, what is 41412 + -16532?
21550
In base 6, what is 10542431 + 20?
10542451
In base 15, what is 1 + 1cc9e97?
1cc9e98
In base 8, what is 3577672 + 25?
3577717
In base 5, what is -40302420 - -23413?
-40224002
In base 11, what is 4 - 11a844011?
-11a844008
In base 16, what is 26 + -1dc736?
-1dc710
In base 2, what is 0 + -110011011100011001110111?
-110011011100011001110111
In base 9, what is -2 + -118075733?
-118075735
In base 8, what is 274525 + -15?
274510
In base 7, what is -105612 - 10105?
-116020
In base 13, what is -46c1b - 28c?
-471aa
In base 9, what is 13056 + -3477?
8468
In base 4, what is -312 - 120330202?
-120331120
In base 5, what is -3131030044 + 0?
-3131030044
In base 15, what is -4 - -20c318c?
20c3188
In base 8, what is -7225641 + 127?
-7225512
In base 13, what is 4 - -ac904c?
ac9053
In base 6, what is -420 + 50150?
45330
In base 2, what is 101100100110 - 1100001000100111110?
-1100000011000011000
In base 12, what is -a5597 - -29?
-a556a
In base 12, what is -9989002 - 3?
-9989005
In base 7, what is -435360 - -4?
-435353
In base 9, what is -186340347 - 3?
-186340351
In base 14, what is -86 + -75603?
-75689
In base 12, what is -3294b + 1a7?
-32764
In base 16, what is -df8995 - -4?
-df8991
In base 5, what is -24033344200 - 0?
-24033344200
In base 5, what is 10 + 1312404404?
1312404414
In base 10, what is -7 + -2994784?
-2994791
In base 8, what is -764754 - -121?
-764633
In base 15, what is -2b1ba8 + -16?
-2b1bbe
In base 16, what is 258 + 2247?
249f
In base 10, what is 31638529 + 4?
31638533
In base 5, what is -10140 + -20410?
-31100
In base 4, what is 311 + 111022003000?
111022003311
In base 14, what is 1c24 + 13c1d?
15a43
In base 10, what is -1011583 - 9?
-1011592
In base 13, what is 82850 + -18?
82835
In base 3, what is 10 + -100200200221202000?
-100200200221201220
In base 12, what is -423 - 8966?
-9189
In base 3, what is 202111020101220 + 0?
202111020101220
In base 8, what is -1 + 35754254?
35754253
In base 11, what is 1 + -2172271?
-2172270
In base 5, what is -3420444031 - 112?
-3420444143
In base 8, what is 1 - -100465165?
100465166
In base 11, what is -2439 + -992?
-3320
In base 5, what is -2430413333 + -1?
-2430413334
In base 7, what is 54345 + 21?
54366
In base 9, what is 10184667 + -65?
10184602
In base 4, what is 3333231 + 323130?
10323021
In base 13, what is -10 - 2716665?
-2716675
In base 15, what is 157b87 + -a6?
157ad1
In base 10, what is 17880380 + -1?
17880379
In base 2, what is 10100011100101111011001110110 + -11?
10100011100101111011001110011
In base 12, what is 279262 + 12?
279274
In base 11, what is -189 - 258939?
-259017
In base 3, what is -211 + -12211022111210?
-12211022112121
In base 14, what is -17 + 22b6b80?
22b6b67
In base 2, what is -1011101 + -10001011011011001000?
-10001011011100100101
In base 7, what is 1343 - -103054?
104430
In base 6, what is -5 + -14542310422?
-14542310431
In base 6, what is -1050 - 414213?
-415303
In base 11, what is 15490500 - 3?
154904a8
In base 9, what is -12120153 + 1?
-12120152
In base 5, what is -121 - -1313014?
1312343
In base 6, what is -3440454 - 304?
-3441202
In base 3, what is -121202112 - -1101212?
-120100200
In base 13, what is b88 + -2c?
b59
In base 3, what is -120212 + 2211002?
2020020
In base 9, what is 24505 + -42?
24453
In base 13, what is -19337c30 + -3?
-19337c33
In base 8, what is 0 + 4110724?
4110724
In base 4, what is -313010310 - -110?
-313010200
In base 2, what is 10111000 - -100000001010011110?
100000001101010110
In base 6, what is 4534101 + 5?
4534110
In base 3, what is 120 + 21001121000020?
21001121000210
In base 12, what is 904 - bb5b?
-b257
In base 10, what is -2 - 2130518?
-2130520
In base 7, what is -1 - 11011555?
-11011556
In base 10, what is 1727331 - -135?
1727466
In base 9, what is 25 + -5727004?
-5726868
In base 4, what is 2103120122 - 112?
2103120010
In base 3, what is -10 - 202200111201222?
-202200111202002
In base 13, what is -1a8156 + 8b?
-1a8098
In base 11, what is -1 + -5786363?
-5786364
In base 15, what is -101134 - 1?
-101135
In base 8, what is 3126 - 2404?
522
In base 13, what is -5 + 191883?
19187b
In base 5, what is 4230022101233 - 3?
4230022101230
In base 7, what is -1321332031 - -10?
-1321332021
In base 3, what is 10212201012212210 + -2?
10212201012212201
In base 9, what is 2 + -3352818?
-3352816
In base 7, what is -2 - -3205425?
3205423
In base 12, what is -550147 - 0?
-550147
In base 14, what is -2c + -3dad?
-3ddb
In base 14, what is 6 + 27b59a?
27b5a2
In base 16, what is 257f5 - -eb?
258e0
In base 13, what is -552824 + -63?
-552887
In base 15, what is -5 + 7a3b45?
7a3b40
In base 8, what is 51262 - -2156?
53440
In base 16, what is 203bb0 + 1b?
203bcb
In base 6, what is -34202 - -302154?
223552
In base 7, what is 25 + 36310551?
36310606
In base 7, what is 3 - 33443145?
-33443142
In base 6, what is -3 + 3340133034?
3340133031
In base 6, what is -1 - -551145423?
551145422
In base 15, what is -2d778e66 - -3?
-2d778e63
In base 10, what is 1 + 1340744?
1340745
In base 13, what is -1a + 68395?
68378
In base 9, what is -25444 + -135?
-25580
In base 5, what is 222104 + 130041?
402200
In base 8, what is 102314 + -1134?
101160
In base 13, what is -12c7aa2 - 10?
-12c7ab2
In base 8, what is -370343603 + -1?
-370343604
In base 16, what is -1 + -1a792a4?
-1a792a5
In base 3, what is 100220220220021202 - 1?
100220220220021201
In base 3, what is 1122012000022101 + -2?
1122012000022022
In base 16, what is -175 - 5a32?
-5ba7
In base 3, what is -102200220110122211 + -10?
-102200220110122221
In base 11, what is -98a899 - -40?
-98a859
In base 6, what is -5 - -223552143?
223552134
In base 14, what is 5 + 571a96b?
571a972
In base 3, what is -2